ctor of h and b?
12
Let a be 2/5 + 16/10. Suppose 5*l - 3*m - 22 = 0, 3 = -0*m + 3*m. Let p be 3 + 5/(l/2). Calculate the highest common divisor of p and a.
1
Let o = -18 - -20. Calculate the greatest common divisor of o and 22.
2
Suppose 0 = 5*i + w + 39, 5*w - w = -2*i - 12. Let v be -2*(-2)/i*-2. What is the greatest common divisor of 9 and v?
1
Suppose 6*k = 7*k - 198. Suppose 81 = 4*u - 3*m, -3*u - 3*m + 63 = u. Calculate the highest common factor of u and k.
18
Let b be (-183)/(-27) - 2/(-9). What is the greatest common factor of 35 and b?
7
Let m = -9 - -11. Let v be (0 - (-20)/6)*3. Calculate the greatest common divisor of v and m.
2
Let z(o) = o - 3. Let h be z(7). Suppose -56 = -4*f + h*i, i = -3*f + 7 + 43. What is the greatest common factor of f and 4?
4
Let n(l) = l**3 + l**2. Let p be n(-3). Let q = -8 - p. Let j = 85 + -65. Calculate the highest common factor of j and q.
10
Let h = -333 + 783. Suppose -b = 2*b - k - 270, -k = -5*b + h. What is the highest common divisor of 18 and b?
18
Suppose 0 = -3*v - 3*d + 96, 0 = -v + 6*v - 5*d - 170. What is the greatest common factor of 11 and v?
11
Let p(l) = -2*l**3 - 3*l**2 + 1. Let u be p(-2). Suppose 10 = 3*k + 2*k. Suppose -k*v + 3 = -3, -u*v = -2*j + 17. What is the highest common divisor of j and 8?
8
Let o = -90 + 96. Calculate the highest common factor of o and 192.
6
Let b(x) = -x**2 + 10*x. Let u be b(10). Let l(q) = -q. Let k be l(u). Suppose k = 4*m, f - 65 = -4*f - 3*m. Calculate the highest common divisor of 104 and f.
13
Let w(c) = c**2 + 11. Let t = 9 + -9. Let u be w(t). What is the greatest common divisor of 1 and u?
1
Suppose 30 = d - 5*s, 0 = d + s + 3*s + 15. Suppose -5*p = 5*c - 240, -p + 29 = -d*c + 5. Calculate the greatest common factor of p and 11.
11
Let b = 35 + 35. Calculate the greatest common factor of b and 40.
10
Let y(w) = 9 + 32*w**3 - 9 - 85*w**3 + w. Let f be y(1). Let h = 12 - f. What is the greatest common factor of 8 and h?
8
Let i be 26/6 - (-1)/(-3). Suppose 2*p - 28 = -3*m + 7*p, 5*m = 2*p + 34. Suppose -m*v + 2*v = -48. What is the greatest common factor of v and i?
4
Suppose -3*c = -92 - 106. Let g = -24 + c. Let j be 42/(-4)*8/(-6). Calculate the highest common divisor of j and g.
14
Let w be (3 + (-35)/10)*-130. What is the greatest common divisor of w and 26?
13
Suppose 2*n - 3*o = 58, 0*o = 3*o - 12. What is the highest common factor of n and 70?
35
Let i(m) = 10*m + 12. Let j be i(8). Let o be 93/4 + (-4)/16. What is the greatest common divisor of j and o?
23
Let i = 149 - 45. Calculate the highest common factor of 16 and i.
8
Let m(o) = -o**3 + 8*o**2 + 2*o + 7. Let c be m(8). Calculate the highest common divisor of c and 115.
23
Let k(u) = u**2 + 2*u + 3. Let s = 21 + -15. Suppose s = 2*i - 4*i. Let m be k(i). What is the highest common divisor of 15 and m?
3
Let c be 297/18 - (-1)/(-2). Calculate the highest common factor of c and 40.
8
Let r(x) = -x**3 - 5*x**2 + 5*x - 1. Let m be r(-6). Let b be (-204)/(-8) - 1/2. Calculate the greatest common divisor of b and m.
5
Let b = 16 - 6. What is the greatest common divisor of 4 and b?
2
Let z = -50 + 130. Suppose a + 0*a + 3*k = 73, -2*a + 157 = -5*k. Suppose -4*r + 6*b - 4*b = -66, 4*b = -5*r + a. What is the highest common divisor of z and r?
16
Suppose 25 - 1 = 4*p. Suppose 3*g - 5*r + 102 = p*g, -46 = -2*g + 4*r. Let h = g - 7. Calculate the highest common divisor of h and 154.
22
Let v(x) = x**3 - 5*x**2 + x - 3. Let s be v(5). Suppose -28 - 44 = -s*w. Calculate the greatest common divisor of 4 and w.
4
Suppose 4*x = 8, 2*f + 2*f - 178 = -x. Let j be (1 - 0/1)*3. Suppose -3*o - 19 = -5*a - 2*o, -3*a + j*o = -9. What is the greatest common divisor of f and a?
4
Let x be (-39 - -1) + -1 + 3. Suppose -3*b = 108 - 336. Let r = x + b. Calculate the greatest common divisor of 10 and r.
10
Let q = 7 + -2. Suppose q*k - 13 = -3. Suppose -3*b - k*o - 3*o = -91, -159 = -5*b - o. Calculate the highest common divisor of b and 4.
4
Let s(a) = a - 5. Let r be s(4). Let d be (1 + r + 0)/2. Suppose 0 = -y + 2 - d. Calculate the greatest common divisor of 6 and y.
2
Let j(v) = v**3 - 2*v**2 - 11*v + 12. Let k be j(7). What is the greatest common factor of k and 60?
60
Suppose -630 = 2*k - 9*k. What is the greatest common factor of k and 36?
18
Let t = 47 + -34. Calculate the highest common divisor of t and 143.
13
Let n be 0 - (0 + (-2 - 12)). Let q = n + -3. Calculate the greatest common divisor of q and 1.
1
Suppose -3*z + 878 = -2*n, z + n = 3*n + 286. What is the highest common factor of z and 37?
37
Let m(u) = 2*u**2 - 5*u + 3. Let o be m(-4). Calculate the highest common divisor of o and 5.
5
Let a(s) = 2*s**2 + 3*s + 2. Let i be a(-4). Calculate the greatest common factor of i and 242.
22
Let x be (-1)/((0 - -1)*-1). Let s(l) = -l**2 - 9*l - 3. Suppose 30 + 2 = -4*u. Let d be s(u). What is the highest common divisor of x and d?
1
Let n(v) = v**2 + 7*v + 7. Let k(l) = l**3 - 6*l**2 + 2*l + 6. Let f be k(5). Let r be n(f). Calculate the highest common divisor of 10 and r.
5
Let g be 3/2*(-40)/(-3). Let b be (8 + -7)*10*1. What is the greatest common factor of b and g?
10
Suppose 4*p - u + 5 = p, 5*p + 9 = 2*u. Let c be ((9 - 1) + p)/1. Let h be c/1 - (2 - 4). Calculate the greatest common factor of h and 9.
9
Let g = -8 - -11. Suppose -g*a + 72 = -a. Let c = 5 - -49. Calculate the highest common divisor of c and a.
18
Suppose -4*f = 5*a - 145, a - 42 = 2*f + 1. What is the highest common factor of a and 11?
11
Let l = 21 - 20. Let i be 13/3 - (-2)/3. Calculate the greatest common factor of i and l.
1
Let x(c) = -6*c**3 - 3*c**2 - c + 2. Let k = 12 - 14. Let z be x(k). Calculate the highest common divisor of 10 and z.
10
Suppose 269 = 5*z - 391. Suppose 0 = 3*c + 2*c - 60. What is the greatest common divisor of z and c?
12
Let o(p) = p**3 + p**2 - p + 198. Let y be o(0). Let s = 21 + 1. What is the greatest common divisor of s and y?
22
Suppose 141 = -4*h + 717. Calculate the greatest common factor of 16 and h.
16
Suppose 2*l + k = 2*k - 2, 6 = 2*l + 3*k. Suppose l = 4*r - 8 - 24. Calculate the greatest common divisor of 56 and r.
8
Let m(d) be the first derivative of -15/2*d**2 - 3*d + 2. Let w be m(-3). What is the greatest common factor of w and 28?
14
Let a(m) = -4*m - 12. Let q be a(-18). Calculate the highest common factor of 15 and q.
15
Let z be (0 - 1 - -1) + 8. Suppose 4*k - w = 60, -4*w + 80 = -0*k + 4*k. Calculate the highest common factor of k and z.
8
Let k be (2 - 0)/(4/(-6)). Let t = k + 5. Suppose 0 = -0*h + t*h - 84. What is the greatest common factor of h and 14?
14
Let w be (1 - -3)*(-1)/(-2). Calculate the highest common factor of 6 and w.
2
Let h(y) = y**2 - 2*y + 2. Let b = 3 + -1. Let t be h(b). Let a be t/((-1)/((-3)/3)). Calculate the greatest common divisor of 16 and a.
2
Suppose -5*b + 2*b - 18 = 0. Let m be (3/(-2))/(b/(-8)). Let n be 5/m*-10 - 1. Calculate the greatest common factor of 8 and n.
8
Let k(t) = -10*t - 4. Let s be k(-3). Suppose -3*c - 6 = 2*f + 2, 3*f - 5*c = s. Suppose -f*u = -5*u + 6. What is the highest common factor of 2 and u?
2
Let c be -1 - 0/(-3) - -5. Suppose c*d + 0*d = 40. What is the greatest common divisor of 25 and d?
5
Let g(y) = -21*y - 1. Let s be g(3). Let n = -32 - s. What is the highest common factor of n and 8?
8
Suppose -5*r = -124 - 16. What is the highest common divisor of 252 and r?
28
Suppose -3*v + 24 = 4*h, -4*h + 4 = 4*v - 32. Calculate the greatest common factor of v and 66.
6
Suppose 2*u = 38 + 28. What is the greatest common factor of u and 3?
3
Suppose 0 = 4*k - 10*k + 12. Suppose x - 145 = -4*x - 5*a, -2*x + k*a + 54 = 0. What is the greatest common factor of 28 and x?
28
Let m be 1/1 + (-2 - -15). Calculate the highest common divisor of m and 56.
14
Let b(y) = -y + 3. Let a be b(5). Let o be 14/(a*1*-1). Suppose -5*t - 3*v = -76, -4*t + 31 = -v - 23. What is the greatest common divisor of o and t?
7
Suppose -2 - 13 = -3*j. Suppose 0*x + 2*z = x - 112, 3*x + j*z = 314. Let g be 15*1 - (2 + 1). What is the highest common divisor of g and x?
12
Let p(o) = o**2 + 7*o - 8. Let r be p(-10). Calculate the greatest common factor of r and 11.
11
Suppose 4*x = 3*y + x - 153, x + 195 = 4*y. Calculate the highest common factor